{"id":49,"date":"2013-01-28T18:36:18","date_gmt":"2013-01-28T18:36:18","guid":{"rendered":"http:\/\/kalvnaset.nu\/?page_id=49"},"modified":"2025-01-15T16:28:22","modified_gmt":"2025-01-15T16:28:22","slug":"om-foreningen","status":"publish","type":"page","link":"https:\/\/kalvnaset.nu\/?page_id=49","title":{"rendered":"Lite om Kalvn\u00e4set"},"content":{"rendered":"<p>Vi som sitter i styrelserna f\u00f6r de lokala f\u00f6reningarna h\u00e4r i omr\u00e5det vill passa p\u00e5 att h\u00e4lsa dig som \u00e4r nyinflyttad v\u00e4lkommen till Solberga &amp; Bergholm. Vi vill \u00e4ven informera s\u00e5v\u00e4l nya och gamla tomt\u00e4gare om vad som g\u00e4ller i v\u00e5rt omr\u00e5de. Saker som en del kanske gl\u00f6mt och ge en bild av f\u00f6reningarnas verksamheter samt alla de f\u00f6rm\u00e5ner som ditt tomt\u00e4garskap inneb\u00e4r. Att bo h\u00e4r i omr\u00e5det inneb\u00e4r \u00e4ven en hel del ansvar och skyldigheter som ligger till grund f\u00f6r att omr\u00e5det utg\u00f6r en p\u00e4rla ibland Tyres\u00f6s bos\u00e4ttningar.<\/p>\n<p>Vi hoppas du kommer att trivas h\u00e4r i Solberga och Bergholm och vill \u00e4n en g\u00e5ng h\u00e4lsa dig v\u00e4lkommen hit.<\/p>\n<p style=\"text-align: center;\">Styrelserna f\u00f6r<br \/>\nKalvn\u00e4sets Samf\u00e4llighetsf\u00f6rening<\/p>\n<p style=\"text-align: center;\">Bergholms Samf\u00e4llighetsf\u00f6rening<br \/>\nBergholms Tomt\u00e4garf\u00f6rening<br \/>\nSolberga Tomt\u00e4garf\u00f6rening<\/p>\n<p><strong>Styrelsens arbete<\/strong><br \/>\nMedlemskapet i Kalvn\u00e4sets SFF (samtliga boende i Solberga och Bergholm) ber\u00e4ttigar till medbest\u00e4mmander\u00e4tt \u00f6ver sk\u00f6tseln av den allm\u00e4nna marken samt skogen, badstr\u00e4nderna och gr\u00f6nomr\u00e5dena. F\u00f6r det konkreta arbetet svarar f\u00f6reningens styrelse. Styrelsen arbetar emellertid under direkt ansvar till medlemmarna. Bergholms SFF (endast boende p\u00e5 Bergholm) ansvarar f\u00f6r v\u00e4garna p\u00e5 Bergholm. Styrelsen utses av medlemmarna som sk\u00f6ter v\u00e4garna p\u00e5 uppdrag av medlemmarna.<br \/>\nRespektive styrelse g\u00f6r en \u00e5rlig budget som fastst\u00e4lls p\u00e5 \u00e5rsm\u00f6te, och som finansieras av \u00e5rliga medlemsavgifter som baseras p\u00e5 andelstal. Det \u00e4r viktigt att dessa avgifter betalas in p\u00e5 \u00f6verenskommen tid, d\u00e5 det annars \u00e4ventyrar respektive f\u00f6renings arbete. De fastboende f\u00e5r som kompensation \u00e5terbetalning p\u00e5 del av beloppet fr\u00e5n kommunen.<\/p>\n<p><strong>Samf\u00e4llighetens omfattning<\/strong><br \/>\nKalvn\u00e4sets Samf\u00e4llighetsf\u00f6rening \u00e4r namnet f\u00f6r den f\u00f6rening som alla tomt\u00e4gare enligt samf\u00e4llighetslagen i Solberga och Bergholm \u00e4r medlemmar i. Dess syfte \u00e4r att f\u00f6rvalta gemensamhetsanl\u00e4ggning Tyres\u00f6 GA 8 som best\u00e5r av fastigheten Tyres\u00f6 1: 738 vilken omfattar allm\u00e4nningar, skogar och gr\u00f6nomr\u00e5den samt vatten mellan Brakmarsv\u00e4gen och Kalvfj\u00e4rden.<br \/>\nBergholms Samf\u00e4llighetsf\u00f6rening f\u00f6rvaltar Tyres\u00f6 GA 1 som best\u00e5r av lokala v\u00e4gar p\u00e5 Bergholm. Endast tomt\u00e4gare p\u00e5 Bergholm \u00e4r medlemmar i samf\u00e4llighetsf\u00f6reningen. Sk\u00f6tseln och underh\u00e5llet inneb\u00e4r huvudsakligen reparationer med anledning av slitage, tj\u00e4lskott mm, samt vinterv\u00e4gh\u00e5llning s\u00e5som sn\u00f6plogning och sandning.<\/p>\n<p><strong>Information fr\u00e5n f\u00f6reningen<\/strong><br \/>\nInformation fr\u00e5n f\u00f6reningarna publiceras p\u00e5 respektive hemsida. Viktiga och aktuella meddelande ansl\u00e5s p\u00e5 anslagstavlorna i omr\u00e5det.<\/p>\n<p><strong>Fastighets\u00e4garen ansvar<\/strong><br \/>\nSom fastighets\u00e4gare \u00e4r du ansvarig f\u00f6r at visa h\u00e4nsyn och anpassa hastigheten d\u00e5 vi har m\u00e5nga barn i v\u00e5rt omr\u00e5de och vill ha en trygg och s\u00e4ker trafikmilj\u00f6.<br \/>\nDu ansvarar f\u00f6r rensning av diken och v\u00e4gtrummor l\u00e4ngs din tomt. Tr\u00e4d och buskar p\u00e5 tomtmark f\u00e5r inte inkr\u00e4kta p\u00e5 v\u00e4gomr\u00e5det. Se Tyres\u00f6 kommuns hemsida www.tyreso.se .<br \/>\nTr\u00e4d, grenar o. dyl. p\u00e5 tomtmark som rensats bort av el- och telebolag ska omh\u00e4ndertas av respektive fastighets\u00e4gare. Observera att det \u00e4r generellt eldningsf\u00f6rbud.<br \/>\nAnm\u00e4l till Bergholms Samf\u00e4llighetsf\u00f6renings v\u00e4gchef vid planerad byggverksamhet som exempelvis kan inneb\u00e4ra tunga transporter, s\u00e5 att v\u00e4garna kan besiktas f\u00f6re och efter byggverksamheten. Planer p\u00e5 att spr\u00e4nga bort berg ska vara godk\u00e4nda av kommunen och f\u00f6reningen och anm\u00e4las i tid till grannar.<\/p>\n<p><strong>Gr\u00f6nomr\u00e5den<\/strong><br \/>\nVi \u00e4r r\u00e4dda om v\u00e5ra gr\u00f6nomr\u00e5den som ska vara tillg\u00e4ngliga f\u00f6r alla. Det \u00e4r inte till\u00e5tet att k\u00f6ra mopeder eller andra motorfordon\u00a0 i skogen eller p\u00e5 skogsstigarna. F\u00f6r hundar som rastas g\u00e4ller samma regler som i \u00f6vriga Tyres\u00f6. Vissa delar av v\u00e5ra gr\u00f6nomr\u00e5den klassas som ekologiskt k\u00e4nsliga omr\u00e5den. Vi har n\u00e5gra fina badplatser d\u00e4r vi alla \u00e4r ansvariga att h\u00e5lla rent och snyggt och som underh\u00e5lls av tomt\u00e4garf\u00f6reningarna. Kalvn\u00e4sets SFF f\u00f6retar dock st\u00f6rre underh\u00e5llsarbeten d\u00e4r.<\/p>\n<p>Vi vill p\u00e5minna att all olovlig avverkning av tr\u00e4d p\u00e5 Kalvn\u00e4set SFF:s mark \u00e4r ett lagbrott som f\u00f6reningen kommer att polisanm\u00e4la. Avverkningsf\u00f6rslag ska du st\u00e4lla till styrelsen.<\/p>\n<p><strong>Tomt\u00e4garf\u00f6reningarna<\/strong><br \/>\nSolberga och Bergholm har var sin tomt\u00e4garf\u00f6rening, Deras syfte \u00e4r fr\u00e4mst att ordna trevliga sammankomster och aktiviteter s\u00e5som Valborg med majeld, midsommarfirande, kr\u00e4ftskivor mm. Det f\u00f6rekommer \u00e4ven h\u00f6st- och v\u00e5rst\u00e4dningar. St\u00e4ll g\u00e4rna upp och hj\u00e4lp till. Ju fler som engagerar sig i f\u00f6reningarna och annat arbete desto l\u00e4ttare blir det att h\u00e5lla fint. Tomt\u00e4garf\u00f6reningarna \u00e4r ideella f\u00f6reningar. Medlemskapet i dessa f\u00f6reningar \u00e4r frivilligt.<\/p>\n<p><strong>B\u00e5tklubbarna<\/strong><br \/>\nSolberga har en b\u00e5tklubb, Fiskart\u00e4ppan, som \u00e4r skild fr\u00e5n tomt\u00e4garf\u00f6reningen, medan Bergholms Tomt\u00e4garf\u00f6rening f\u00f6rvaltar L\u00f6kholmsmarinan och S\u00f6dra Uddens brygga. Medlemmar som bokar b\u00e5tplats debiteras avgift efter olika regler som f\u00f6reningarna best\u00e4mmer p\u00e5 sina \u00e5rsm\u00f6ten.<br \/>\nDessutom finns i omr\u00e5det andra frist\u00e5ende b\u00e5tklubbar med marinor l\u00e4ngs s\u00f6dra stranden av Uddbyviken och Stor\u00e4ngsfladen: de st\u00f6rsta \u00e4r Trollb\u00e4ckens B\u00e5ts\u00e4llskap, Tyres\u00f6 B\u00e5tklubb och Raksta B\u00e5tklubb. Kontaktuppgifter till hamnkaptener brukar ansl\u00e5s vid bryggplatserna.<\/p>\n<p><strong>Brakmarsv\u00e4gens Samf\u00e4llighetsf\u00f6rening<\/strong><br \/>\nDenna f\u00f6rening har uppl\u00f6sts d\u00e5 Tyres\u00f6 kommun har tagit \u00f6ver huvudmannaskapet.<\/p>\n<p><strong>Grannsamverkan mot brott<\/strong><br \/>\nF\u00f6r att f\u00f6rebygga brott vill vi att alla \u00e4r observanta och talar med varandra. Om n\u00e5gon incident intr\u00e4ffar informera styrelsen i din f\u00f6reningen.<\/p>\n<p><strong>F\u00f6reningsarbetet<\/strong><br \/>\nOm du k\u00e4nner att du vill engagera dig i f\u00f6reningsarbetet eller har synpunkter p\u00e5 styrelsernas arbeten \u00e4r du alltid v\u00e4lkommen till oss.<\/p>\n","protected":false},"excerpt":{"rendered":"<p>Vi som sitter i styrelserna f\u00f6r de lokala f\u00f6reningarna h\u00e4r i omr\u00e5det vill passa p\u00e5 att h\u00e4lsa dig som \u00e4r nyinflyttad v\u00e4lkommen till Solberga &amp; Bergholm. Vi vill \u00e4ven informera s\u00e5v\u00e4l nya och gamla tomt\u00e4gare om vad som g\u00e4ller i v\u00e5rt omr\u00e5de. Saker som en del kanske gl\u00f6mt och ge en bild av f\u00f6reningarnas verksamheter [&hellip;]<\/p>\n","protected":false},"author":1,"featured_media":0,"parent":0,"menu_order":0,"comment_status":"closed","ping_status":"closed","template":"","meta":{"footnotes":""},"class_list":["post-49","page","type-page","status-publish","hentry"],"_links":{"self":[{"href":"https:\/\/kalvnaset.nu\/index.php?rest_route=\/wp\/v2\/pages\/49","targetHints":{"allow":["GET"]}}],"collection":[{"href":"https:\/\/kalvnaset.nu\/index.php?rest_route=\/wp\/v2\/pages"}],"about":[{"href":"https:\/\/kalvnaset.nu\/index.php?rest_route=\/wp\/v2\/types\/page"}],"author":[{"embeddable":true,"href":"https:\/\/kalvnaset.nu\/index.php?rest_route=\/wp\/v2\/users\/1"}],"replies":[{"embeddable":true,"href":"https:\/\/kalvnaset.nu\/index.php?rest_route=%2Fwp%2Fv2%2Fcomments&post=49"}],"version-history":[{"count":17,"href":"https:\/\/kalvnaset.nu\/index.php?rest_route=\/wp\/v2\/pages\/49\/revisions"}],"predecessor-version":[{"id":456,"href":"https:\/\/kalvnaset.nu\/index.php?rest_route=\/wp\/v2\/pages\/49\/revisions\/456"}],"wp:attachment":[{"href":"https:\/\/kalvnaset.nu\/index.php?rest_route=%2Fwp%2Fv2%2Fmedia&parent=49"}],"curies":[{"name":"wp","href":"https:\/\/api.w.org\/{rel}","templated":true}]}}