{"id":118,"date":"2013-03-25T08:43:42","date_gmt":"2013-03-25T08:43:42","guid":{"rendered":"http:\/\/kalvnaset.nu\/?page_id=118"},"modified":"2021-07-15T07:51:05","modified_gmt":"2021-07-15T07:51:05","slug":"information-om-eldning-av-avfall","status":"publish","type":"page","link":"https:\/\/kalvnaset.nu\/?page_id=118","title":{"rendered":"Information om eldning av avfall"},"content":{"rendered":"<p>Utdrag ut <a href=\"https:\/\/www.smohf.se\/amnesomraden\/invanare\/inomhusmiljo\/eldning\/\">S\u00f6dert\u00f6rns Milj\u00f6- och H\u00e4slo-skyddsf\u00f6rbunds<\/a> hemsida:<\/p>\n<p><em><strong>Eldning av tr\u00e4dg\u00e5rdsavfall<\/strong><\/em><\/p>\n<p><em>Under \u00e5ret f\u00e5r du elda under tv\u00e5 perioder, tv\u00e5 veckor p\u00e5 v\u00e5ren och tv\u00e5 veckor p\u00e5 h\u00f6sten, se exakta tider under l\u00e4nken ovan. Du f\u00e5r inte elda l\u00f6v, gr\u00e4s och annat tr\u00e4dg\u00e5rdsavfall som orsakar stora m\u00e4ngder r\u00f6k.Tr\u00e4dg\u00e5rdsavfall ska i f\u00f6rsta hand komposteras eller k\u00f6ras till en \u00e5tervinningscentral. En mindre m\u00e4ngd torrt tr\u00e4dg\u00e5rdsavfall, som kvistar och grenar, \u00e4r dock undantaget <\/em><em>fr\u00e5n f\u00f6rbudet under n\u00e5gra specifika veckor p\u00e5 \u00e5ret. <strong>Det g\u00e4ller under f\u00f6ruts\u00e4ttning att eldningen inte orsakar st\u00f6rningar p\u00e5 omgivningen och att eldningsf\u00f6rbud inte \u00e4r utf\u00e4rdat av brandf\u00f6rsvaret.<\/strong> \u00d6vrig tid f\u00e5r du inte elda tr\u00e4dg\u00e5rdsavfall. Det har ingen betydelse om du har en eldningstunna, eftersom sk\u00e4let till begr\u00e4nsningen \u00e4r att <strong>r\u00f6ken upplevs som st\u00f6rande<\/strong>. Best\u00e4mmelserna \u00e4r likadana i Haninge, Nyn\u00e4shamn och Tyres\u00f6. I omr\u00e5den utanf\u00f6r detaljplan och i glesbebyggda omr\u00e5den med f\u00e4rre \u00e4n tio bostadshus \u00e4r det till\u00e5tet att elda sm\u00e5 m\u00e4ngder torrt tr\u00e4dg\u00e5rdsavfall under andra tider. Eldningen f\u00e5r dock inte orsaka n\u00e5gra st\u00f6rningar p\u00e5 omgivningen. Kontakta v\u00e5r servicetelefon p\u00e5 08-606 7300 f\u00f6r mer information. <\/em><\/p>\n","protected":false},"excerpt":{"rendered":"<p>Utdrag ut S\u00f6dert\u00f6rns Milj\u00f6- och H\u00e4slo-skyddsf\u00f6rbunds hemsida: Eldning av tr\u00e4dg\u00e5rdsavfall Under \u00e5ret f\u00e5r du elda under tv\u00e5 perioder, tv\u00e5 veckor p\u00e5 v\u00e5ren och tv\u00e5 veckor p\u00e5 h\u00f6sten, se exakta tider under l\u00e4nken ovan. Du f\u00e5r inte elda l\u00f6v, gr\u00e4s och annat tr\u00e4dg\u00e5rdsavfall som orsakar stora m\u00e4ngder r\u00f6k.Tr\u00e4dg\u00e5rdsavfall ska i f\u00f6rsta hand komposteras eller k\u00f6ras till [&hellip;]<\/p>\n","protected":false},"author":1,"featured_media":0,"parent":0,"menu_order":0,"comment_status":"closed","ping_status":"closed","template":"","meta":{"footnotes":""},"class_list":["post-118","page","type-page","status-publish","hentry"],"_links":{"self":[{"href":"https:\/\/kalvnaset.nu\/index.php?rest_route=\/wp\/v2\/pages\/118","targetHints":{"allow":["GET"]}}],"collection":[{"href":"https:\/\/kalvnaset.nu\/index.php?rest_route=\/wp\/v2\/pages"}],"about":[{"href":"https:\/\/kalvnaset.nu\/index.php?rest_route=\/wp\/v2\/types\/page"}],"author":[{"embeddable":true,"href":"https:\/\/kalvnaset.nu\/index.php?rest_route=\/wp\/v2\/users\/1"}],"replies":[{"embeddable":true,"href":"https:\/\/kalvnaset.nu\/index.php?rest_route=%2Fwp%2Fv2%2Fcomments&post=118"}],"version-history":[{"count":9,"href":"https:\/\/kalvnaset.nu\/index.php?rest_route=\/wp\/v2\/pages\/118\/revisions"}],"predecessor-version":[{"id":350,"href":"https:\/\/kalvnaset.nu\/index.php?rest_route=\/wp\/v2\/pages\/118\/revisions\/350"}],"wp:attachment":[{"href":"https:\/\/kalvnaset.nu\/index.php?rest_route=%2Fwp%2Fv2%2Fmedia&parent=118"}],"curies":[{"name":"wp","href":"https:\/\/api.w.org\/{rel}","templated":true}]}}